44775131 composite?
False
Is 2082781 composite?
True
Is 1729787 a composite number?
True
Is 1242457 composite?
False
Is 1769353 composite?
True
Is 8947262 composite?
True
Is 18646599 a prime number?
False
Is 764539 composite?
False
Is 83253245 a prime number?
False
Is 5277431 prime?
False
Is 113661217 composite?
False
Is 11180567 prime?
False
Is 441691751 a prime number?
False
Is 27728203 a composite number?
False
Is 68559187 composite?
True
Is 4740293 a prime number?
False
Is 57919591 a prime number?
False
Is 4966121 prime?
False
Is 1742969 composite?
False
Is 94055063 a prime number?
True
Is 1517179 a composite number?
False
Is 287190881 a composite number?
False
Is 42271223 composite?
False
Is 1101038 composite?
True
Is 10895993 composite?
True
Is 6363701 a prime number?
True
Is 4434329 a prime number?
True
Is 43696423 a prime number?
False
Is 427213 composite?
False
Is 55797869 composite?
False
Is 8695769 composite?
False
Is 93754429 composite?
False
Is 292027237 prime?
False
Is 4369321 a prime number?
False
Is 7019321 prime?
True
Is 432473194 prime?
False
Is 49244329 a prime number?
True
Is 74222519 a composite number?
True
Is 43297211 a prime number?
False
Is 124975541 prime?
True
Is 9919183 prime?
True
Is 164370431 prime?
True
Is 31640351 composite?
False
Is 178745249 prime?
False
Is 6542287 prime?
True
Is 92359383 composite?
True
Is 59565641 composite?
False
Is 6798527 a composite number?
False
Is 11059657 a composite number?
True
Is 25973 a composite number?
True
Is 993943 prime?
True
Is 666383441 a prime number?
True
Is 514866449 a composite number?
False
Is 51434 composite?
True
Is 4381919 composite?
True
Is 17971019 prime?
False
Is 6647909 composite?
False
Is 10846391 a composite number?
True
Is 15261173 a prime number?
False
Is 270120043 composite?
True
Is 97460917 composite?
False
Is 6202058 prime?
False
Is 2500501 prime?
False
Is 267092635 composite?
True
Is 9021413 composite?
True
Is 2057261 composite?
True
Is 3457165 a composite number?
True
Is 78603983 a composite number?
True
Is 2433799 a composite number?
True
Is 390287111 prime?
True
Is 15453877 a prime number?
False
Is 51430019 a composite number?
False
Is 100512923 prime?
False
Is 20302897 prime?
True
Is 164712409 a composite number?
False
Is 362029 a prime number?
False
Is 201599 composite?
False
Is 68113009 composite?
True
Is 428228153 a prime number?
True
Is 197097587 composite?
False
Is 3395629 composite?
False
Is 320380711 composite?
True
Is 302564699 a prime number?
True
Is 167275571 a prime number?
True
Is 1876253 a composite number?
True
Is 2619641 composite?
False
Is 26404979 prime?
True
Is 81148271 a composite number?
False
Is 108786715 composite?
True
Is 6926809 prime?
True
Is 1538519 prime?
True
Is 7394429 prime?
False
Is 17388562 prime?
False
Is 1526153 prime?
False
Is 60298897 a composite number?
True
Is 3452107 prime?
True
Is 124454714 prime?
False
Is 407334443 a composite number?
True
Is 40022735 a composite number?
True
Is 23867347 prime?
False
Is 4479929 a composite number?
True
Is 329532857 prime?
True
Is 6472693 prime?
False
Is 7113937 a prime number?
True
Is 56577011 a prime number?
False
Is 11393527 a composite number?
True
Is 48380711 a prime number?
False
Is 19426229 composite?
True
Is 2621093 a composite number?
True
Is 320381483 a composite number?
True
Is 3716543 a composite number?
False
Is 159006893 prime?
True
Is 881449 prime?
True
Is 12847034 a prime number?
False
Is 150307939 composite?
True
Is 30910271 a composite number?
True
Is 1705637 a composite number?
False
Is 1039953 composite?
True
Is 1991681 prime?
True
Is 29204293 a prime number?
True
Is 7882271 prime?
False
Is 292421 prime?
False
Is 1072021 composite?
True
Is 185850219 prime?
False
Is 758125253 a prime number?
False
Is 49938739 prime?
True
Is 138722757 a composite number?
True
Is 740257 composite?
True
Is 1140143 composite?
False
Is 4103119 composite?
False
Is 242602357 a composite number?
True
Is 172890343 a composite number?
True
Is 54921487 a composite number?
False
Is 11746513 a prime number?
True
Is 124885433 prime?
True
Is 24248039 composite?
False
Is 3448591 prime?
False
Is 85247777 prime?
True
Is 50760865 composite?
True
Is 40929989 a prime number?
True
Is 271127 a prime number?
True
Is 316414531 composite?
True
Is 15552599 a composite number?
True
Is 32426747 a composite number?
True
Is 176966663 a composite number?
False
Is 74530433 composite?
False
Is 25945373 a prime number?
True
Is 54566453 a composite number?
True
Is 17056307 a composite number?
False
Is 276671 a prime number?
True
Is 197393683 a prime number?
True
Is 438284827 prime?
True
Is 103881079 a prime number?
True
Is 37660421 a prime number?
True
Is 158924821 a composite number?
True
Is 265820111 a composite number?
False
Is 13912897 a composite number?
True
Is 161554831 composite?
False
Is 156319 composite?
False
Is 3699883 a composite number?
True
Is 365741759 a prime number?
True
Is 1324263 a composite number?
True
Is 957199 composite?
True
Is 37636187 a composite number?
False
Is 2915791 a composite number?
False
Is 2892739 composite?
True
Is 8374313 a prime number?
False
Is 64448497 composite?
False
Is 4561129 a composite number?
False
Is 32023523 a composite number?
True
Is 64064393 prime?
False
Is 303549 prime?
False
Is 117554681 a prime number?
True
Is 12950257 a prime number?
False
Is 20857 a composite number?
False
Is 215603 composite?
True
Is 5015281 prime?
False
Is 193522109 composite?
True
Is 2674513 a composite number?
False
Is 2057071 a composite number?
True
Is 273287 prime?
False
Is 1235638 a prime number?
False
Is 205580873 composite?
False
Is 303953666 prime?
False
Is 7834405 a composite number?
True
Is 3356309 prime?
False
Is 260442323 a prime number?
True
Is 4481993 composite?
True
Is 4664377 a prime number?
False
Is 37563569 prime?
True
Is 5467862 prime?
False
Is 500751611 a composite number?
False
Is 24157693 a composite number?
True
Is 20777699 a prime number?
True
Is 17703061 a prime number?
True
Is 3075671 prime?
True
Is 41501731 a composite number?
False
Is 6295063 composite?
False
Is 3966407 a composite number?
False
Is 2417153 a prime number?
True
Is 13670759 a prime number?
False
Is 11769437 composite?
True
Is 15077737 composite?
False
Is 502987841 composite?
True
Is 300021233 a prime number?
True
Is 1005809 a prime number?
False
Is 93552047 a prime number?
False
Is 78757181 composite?
False
Is 111677011 prime?
False
Is 15934627 prime?
False
Is 202795421 a composite number?
False
Is 10846579 prime?
True
Is 6742553 prime?
True
Is 5072117 prime?
True
Is 39301079 a composite number?
False
Is 869243189 composite?
False
Is 6534013 composite?
False
Is 86553017 a composite number?
False
Is 2880238 prime?
False
Is 400232159 composite?
False
Is 32954483 a prime number?
False
Is 676742353 a composite number?
True
Is 48260359 composite?
True
Is 313601777 a composite number?
False
Is 2381183 a prime number?
False
Is 6439213 a prime number?
False
Is 100699901 a composite number?
True
Is 34352887 prime?
False
Is 38920817 composite?
True
Is 82685923 a prime number?
True
Is 20418551 a prime number?
True
Is 352166297 composite?
True
Is 556053713 a composite number?
True
Is 7094369 a prime number?
True
Is 1531511 a prime number?
False
Is 29379047 prime?
False
Is 277184995 composite?
True
Is 18772951 prime?
False
Is 177134983 prime?
False
Is 31990229 prime?
True
Is 25363517 prime?
True
Is 897675371 a prime number?
True
Is 32763817 prime?
True
Is 521686679 a prime number?
True
Is 11876797 a prime number?
False
Is 9487609 prime?
False
Is 765079 composite?
True
Is 886223177 composite?
True
Is 21949373 composite?
False
Is 1705441 a composite number?
True
Is 2319461 a prime number?
True
Is 2626453 composite?
True
Is 15536617 composite?
False
Is 82842709 a prime number?
False
Is 11711699 prime?
True
Is 1392311 a composite number?
False
Is 128356597 prime?
False
Is 53120399 a prime number?
True
Is 5276443 composite?
True
Is 3514859 composite?
False
Is 35736881 a composite number?
False
Is 2786461 a composite number?
False
Is 2595773 a composite number?
False
Is 132052339 prime?
True
Is 141632131 prime?
False
Is 807869 a prime number?
True
Is 260161423 composite?
True
Is 465871 composite?
True
Is 